{"id":229,"date":"2015-07-27T03:29:01","date_gmt":"2015-07-27T01:29:01","guid":{"rendered":"http:\/\/demo.oceanthemes.net\/archi\/?page_id=229"},"modified":"2021-05-05T21:28:20","modified_gmt":"2021-05-05T19:28:20","slug":"about","status":"publish","type":"page","link":"http:\/\/archi-design-office.com\/index.php\/about\/","title":{"rendered":"About Us"},"content":{"rendered":"<p>[vc_row fullwidth=\u00a0\u00bbyes\u00a0\u00bb css=\u00a0\u00bb.vc_custom_1474447060420{background-position: 0 0 !important;background-repeat: no-repeat !important;}\u00a0\u00bb el_class=\u00a0\u00bbside-bg no-padding\u00a0\u00bb][vc_column]\t<div class=\"side-bg\">\n\t\t<div class=\"image-container pull-right right0 col-md-6 col-md-offset-6\" style=\"background-image:url(http:\/\/archi-design-office.com\/wp-content\/uploads\/2015\/07\/PHOTO-PROFIL-HANNA.jpg); ?>\" data-delay=\"0\"><\/div>\n\n        <div class=\"container\">\n            <div class=\"row\">\n                <div class=\"inner-padding\">\n                    <div class=\"col-md-5 wow fadeInRight\" data-wow-delay=\".2s\">\n                        <h2>About Us<\/h2><br\/>\n                        <img loading=\"lazy\" class=\"size-medium wp-image-1340 aligncenter\" src=\"http:\/\/archi-design-office.com\/wp-content\/uploads\/2017\/01\/HannaOik-Logo-300x300.png\" alt=\"\" width=\"300\" height=\"300\" srcset=\"http:\/\/archi-design-office.com\/wp-content\/uploads\/2017\/01\/HannaOik-Logo-300x300.png 300w, http:\/\/archi-design-office.com\/wp-content\/uploads\/2017\/01\/HannaOik-Logo-150x150.png 150w, http:\/\/archi-design-office.com\/wp-content\/uploads\/2017\/01\/HannaOik-Logo-768x770.png 768w, http:\/\/archi-design-office.com\/wp-content\/uploads\/2017\/01\/HannaOik-Logo-1022x1024.png 1022w, http:\/\/archi-design-office.com\/wp-content\/uploads\/2017\/01\/HannaOik-Logo.png 1724w\" sizes=\"(max-width: 300px) 100vw, 300px\" \/><\/p>\n<p><strong>Hanna SAADOUN<\/strong><br \/>\n<em>Architect & Interior Designer<\/em><\/p>\n<p>Dipl\u00f4m\u00e9e d\u2019Architecture & Design d\u2019int\u00e9rieur en 2011, c\u2019est \u00e0 Paris qu\u2019<strong>Hanna SAADOUN<\/strong> d\u00e9marre sa carri\u00e8re d\u2019<strong>Architecte et D\u00e9coratrice d\u2019int\u00e9rieur<\/strong>.<\/p>\n<p>Elle a l\u2019opportunit\u00e9 de travailler dans des <strong>agences prestigieuses<\/strong> d\u2019Architecture et de D\u00e9coration, elle fait ses premiers pas sur les plus belles avenues de <strong>Paris<\/strong> et ses <strong>quartiers chics<\/strong>. Ax\u00e9s sur la r\u00e9novation de <strong>projets r\u00e9sidentiels<\/strong> et <strong>h\u00f4teliers<\/strong>,\u00a0 les projets sont vari\u00e9s et Hanna doit apprendre \u00e0 r\u00e9pondre \u00e0 l\u2019<strong>exigence<\/strong> des clients.<\/p>\n<p><strong>Passionn\u00e9e<\/strong> par son m\u00e9tier, Hanna SAADOUN cr\u00e9e alors sa propre agence\u00a0<strong>Archi & Design Office<\/strong>, qui d\u00e9finit clairement sa mission: <strong>Architecture et Design<\/strong>.<\/p>\n<p>Forte de ces <strong>ann\u00e9es d\u2019exp\u00e9rience<\/strong>\u00a0o\u00f9 elle a acquis des bases solides, Hanna SAADOUN est amen\u00e9e \u00e0 s\u2019occuper du suivi de la r\u00e9alisation d&rsquo;appartements sur des <strong>projets\u00a0immobiliers d\u2019envergure<\/strong> en Isra\u00ebl.<\/p>\n<p>Sachant allier son <strong>expertise de l\u2019agencement<\/strong> et son <strong>go\u00fbt pour la d\u00e9coration<\/strong>,\u00a0l&rsquo;Agence <strong>Archi & Design Office\u00a0<\/strong>utilise ses comp\u00e9tences pour r\u00e9pondre \u00e0 une demande grandissante de projets\u00a0cl\u00e9s en mains:\u00a0<b>R\u00e9novation\u00a0et Design d&rsquo;appartements<\/b>.<\/p>\n<p>L&rsquo;Agence accompagne ses clients dans toutes les etapes du projet: depuis la <strong>conception des plans<\/strong> pour optimiser les espaces jusqu\u2019\u00e0 la <strong>D\u00e9coration pure<\/strong> avec un <strong>accompagnement<\/strong> dans le <strong>choix des mat\u00e9riaux<\/strong>, <strong>consultation<\/strong> des prestataires et supervision des <strong>travaux<\/strong>.                    <\/div>\n                    <div class=\"clearfix\"><\/div>\n                <\/div>\n            <\/div>\n        <\/div>\n\t<\/div>\n\n[\/vc_column][\/vc_row][vc_row css=\u00a0\u00bb.vc_custom_1440408697407{padding-top: 90px !important;padding-bottom: 90px !important;background-color: #111111 !important;}\u00a0\u00bb][vc_column animate=\u00a0\u00bbfadeinup\u00a0\u00bb el_class=\u00a0\u00bbcontainer-4 \u00ab\u00a0][\/vc_column][\/vc_row][vc_row fullwidth=\u00a0\u00bbyes\u00a0\u00bb css=\u00a0\u00bb.vc_custom_1442204650520{padding-top: 60px !important;padding-bottom: 60px !important;}\u00a0\u00bb el_class=\u00a0\u00bbcall-to-action bg-color text-center\u00a0\u00bb][vc_column]\t\t\t\n\n\t\t\t<a href=\"http:\/\/archi-design-office.com\/index.php\/contact\/\" class=\"btn btn-line-black btn-big\">Contactez Nous !<\/a>\n\t    \n[\/vc_column][\/vc_row]<\/p>\n","protected":false},"excerpt":{"rendered":"<p>[vc_row fullwidth=\u00a0\u00bbyes\u00a0\u00bb css=\u00a0\u00bb.vc_custom_1474447060420{background-position: 0 0 !important;background-repeat: no-repeat !important;}\u00a0\u00bb el_class=\u00a0\u00bbside-bg no-padding\u00a0\u00bb][vc_column][\/vc_column][\/vc_row][vc_row css=\u00a0\u00bb.vc_custom_1440408697407{padding-top: 90px !important;padding-bottom: 90px !important;background-color: #111111 !important;}\u00a0\u00bb][vc_column animate=\u00a0\u00bbfadeinup\u00a0\u00bb el_class=\u00a0\u00bbcontainer-4 \u00ab\u00a0][\/vc_column][\/vc_row][vc_row fullwidth=\u00a0\u00bbyes\u00a0\u00bb css=\u00a0\u00bb.vc_custom_1442204650520{padding-top: 60px !important;padding-bottom: 60px !important;}\u00a0\u00bb el_class=\u00a0\u00bbcall-to-action bg-color text-center\u00a0\u00bb][vc_column][\/vc_column][\/vc_row]<\/p>\n","protected":false},"author":2,"featured_media":0,"parent":0,"menu_order":0,"comment_status":"open","ping_status":"closed","template":"page-templates\/template-fullwidth.php","meta":[],"_links":{"self":[{"href":"http:\/\/archi-design-office.com\/index.php\/wp-json\/wp\/v2\/pages\/229"}],"collection":[{"href":"http:\/\/archi-design-office.com\/index.php\/wp-json\/wp\/v2\/pages"}],"about":[{"href":"http:\/\/archi-design-office.com\/index.php\/wp-json\/wp\/v2\/types\/page"}],"author":[{"embeddable":true,"href":"http:\/\/archi-design-office.com\/index.php\/wp-json\/wp\/v2\/users\/2"}],"replies":[{"embeddable":true,"href":"http:\/\/archi-design-office.com\/index.php\/wp-json\/wp\/v2\/comments?post=229"}],"version-history":[{"count":32,"href":"http:\/\/archi-design-office.com\/index.php\/wp-json\/wp\/v2\/pages\/229\/revisions"}],"predecessor-version":[{"id":1868,"href":"http:\/\/archi-design-office.com\/index.php\/wp-json\/wp\/v2\/pages\/229\/revisions\/1868"}],"wp:attachment":[{"href":"http:\/\/archi-design-office.com\/index.php\/wp-json\/wp\/v2\/media?parent=229"}],"curies":[{"name":"wp","href":"https:\/\/api.w.org\/{rel}","templated":true}]}}